{"id":205,"date":"2020-10-29T12:50:10","date_gmt":"2020-10-29T12:50:10","guid":{"rendered":"http:\/\/www.improtechnology.com\/index.php\/home\/"},"modified":"2023-09-23T00:56:35","modified_gmt":"2023-09-22T21:56:35","slug":"home","status":"publish","type":"page","link":"https:\/\/www.im-pro.com.tr\/","title":{"rendered":"AnaSayfa"},"content":{"rendered":"<style>\/*! elementor - v3.16.0 - 20-09-2023 *\/\n.elementor-widget-divider{--divider-border-style:none;--divider-border-width:1px;--divider-color:#0c0d0e;--divider-icon-size:20px;--divider-element-spacing:10px;--divider-pattern-height:24px;--divider-pattern-size:20px;--divider-pattern-url:none;--divider-pattern-repeat:repeat-x}.elementor-widget-divider .elementor-divider{display:flex}.elementor-widget-divider .elementor-divider__text{font-size:15px;line-height:1;max-width:95%}.elementor-widget-divider .elementor-divider__element{margin:0 var(--divider-element-spacing);flex-shrink:0}.elementor-widget-divider .elementor-icon{font-size:var(--divider-icon-size)}.elementor-widget-divider .elementor-divider-separator{display:flex;margin:0;direction:ltr}.elementor-widget-divider--view-line_icon .elementor-divider-separator,.elementor-widget-divider--view-line_text .elementor-divider-separator{align-items:center}.elementor-widget-divider--view-line_icon .elementor-divider-separator:after,.elementor-widget-divider--view-line_icon .elementor-divider-separator:before,.elementor-widget-divider--view-line_text .elementor-divider-separator:after,.elementor-widget-divider--view-line_text .elementor-divider-separator:before{display:block;content:\"\";border-bottom:0;flex-grow:1;border-top:var(--divider-border-width) var(--divider-border-style) var(--divider-color)}.elementor-widget-divider--element-align-left .elementor-divider .elementor-divider-separator>.elementor-divider__svg:first-of-type{flex-grow:0;flex-shrink:100}.elementor-widget-divider--element-align-left .elementor-divider-separator:before{content:none}.elementor-widget-divider--element-align-left .elementor-divider__element{margin-left:0}.elementor-widget-divider--element-align-right .elementor-divider .elementor-divider-separator>.elementor-divider__svg:last-of-type{flex-grow:0;flex-shrink:100}.elementor-widget-divider--element-align-right .elementor-divider-separator:after{content:none}.elementor-widget-divider--element-align-right .elementor-divider__element{margin-right:0}.elementor-widget-divider:not(.elementor-widget-divider--view-line_text):not(.elementor-widget-divider--view-line_icon) .elementor-divider-separator{border-top:var(--divider-border-width) var(--divider-border-style) var(--divider-color)}.elementor-widget-divider--separator-type-pattern{--divider-border-style:none}.elementor-widget-divider--separator-type-pattern.elementor-widget-divider--view-line .elementor-divider-separator,.elementor-widget-divider--separator-type-pattern:not(.elementor-widget-divider--view-line) .elementor-divider-separator:after,.elementor-widget-divider--separator-type-pattern:not(.elementor-widget-divider--view-line) .elementor-divider-separator:before,.elementor-widget-divider--separator-type-pattern:not([class*=elementor-widget-divider--view]) .elementor-divider-separator{width:100%;min-height:var(--divider-pattern-height);-webkit-mask-size:var(--divider-pattern-size) 100%;mask-size:var(--divider-pattern-size) 100%;-webkit-mask-repeat:var(--divider-pattern-repeat);mask-repeat:var(--divider-pattern-repeat);background-color:var(--divider-color);-webkit-mask-image:var(--divider-pattern-url);mask-image:var(--divider-pattern-url)}.elementor-widget-divider--no-spacing{--divider-pattern-size:auto}.elementor-widget-divider--bg-round{--divider-pattern-repeat:round}.rtl .elementor-widget-divider .elementor-divider__text{direction:rtl}.e-con-inner>.elementor-widget-divider,.e-con>.elementor-widget-divider{width:var(--container-widget-width,100%);--flex-grow:var(--container-widget-flex-grow)}<\/style>\n<style>\/*! elementor - v3.16.0 - 20-09-2023 *\/\n.elementor-heading-title{padding:0;margin:0;line-height:1}.elementor-widget-heading .elementor-heading-title[class*=elementor-size-]>a{color:inherit;font-size:inherit;line-height:inherit}.elementor-widget-heading .elementor-heading-title.elementor-size-small{font-size:15px}.elementor-widget-heading .elementor-heading-title.elementor-size-medium{font-size:19px}.elementor-widget-heading .elementor-heading-title.elementor-size-large{font-size:29px}.elementor-widget-heading .elementor-heading-title.elementor-size-xl{font-size:39px}.elementor-widget-heading .elementor-heading-title.elementor-size-xxl{font-size:59px}<\/style>\n<h1>Yarat\u0131c\u0131 \u00c7\u00f6z\u00fcmler<\/h1>\n<h5>Etiam pharetra, erat sed fermentum feugiat, velit mauris egestas<\/h5>\n<h6>JAMES OLIVER<\/h6>\n<style>\/*! elementor - v3.16.0 - 20-09-2023 *\/\n.elementor-widget-image{text-align:center}.elementor-widget-image a{display:inline-block}.elementor-widget-image a img[src$=\".svg\"]{width:48px}.elementor-widget-image img{vertical-align:middle;display:inline-block}<\/style>\n<p>\t\t\t\t\t\t\t\t\t\t\t\t<img decoding=\"async\" width=\"147\" height=\"139\" src=\"https:\/\/im-pro.com.tr\/wp-content\/uploads\/2020\/11\/signature-01-free-img.png\" alt=\"Signature\" loading=\"lazy\" \/>\t\t\t\t\t\t\t\t\t\t\t\t\t\t\t<\/p>\n<h6>01<\/h6>\n<h5>Services<\/h5>\n<h3>Demand<br \/>Generation<\/h3>\n<h5>When your company needs to lorem.<\/h5>\n<p>Minim ipsum dolor sit amet, consectetur adipisicing elit, sed do eiusmod tempor incididunt ut labore et dolore magna aliqua. Ut enim ad mlorem nim.<\/p>\n<h3>Brand<br \/>Acceleration<\/h3>\n<h5>When your company needs dolor.<\/h5>\n<p>Lorem ipsum dolor sit amet, consectetur adipisicing elit, sed do eiusmod tempor incididunt ut labore et dolore magna aliqua. Ut enim ad minim.<\/p>\n<h3>Technology<br \/>Performance<\/h3>\n<h5>When your company needs to tempor.<\/h5>\n<p>Lorem ipsum dolor sit amet, consectetur adipisicing elit, sed do eiusmod tempor incididunt ut labore et dolore magna aliqua. Ut enim ad minim.<\/p>\n<h6>02<\/h6>\n<h5>Why Us<\/h5>\n<h2>How we do it<\/h2>\n<p>\t\t\t<a href=\"#\"><br \/>\n\t\t\t\t\t<\/a><\/p>\n<h6>Gain Digital Advantage<\/h6>\n<h4>Innovative strategies<\/h4>\n<p>Proin gravida nibh vel velit auctor aliquet. Aenean sollicitudin, lorem quis bibendum auctor, nisi elit consequat ipsum, nec sagittis sem nibh id elit. Duis sed odio sit amet nibh vulputate cursus a sit amet mauris.<\/p>\n<style>\/*! elementor - v3.16.0 - 20-09-2023 *\/\n.elementor-column .elementor-spacer-inner{height:var(--spacer-size)}.e-con{--container-widget-width:100%}.e-con-inner>.elementor-widget-spacer,.e-con>.elementor-widget-spacer{width:var(--container-widget-width,var(--spacer-size));--align-self:var(--container-widget-align-self,initial);--flex-shrink:0}.e-con-inner>.elementor-widget-spacer>.elementor-widget-container,.e-con>.elementor-widget-spacer>.elementor-widget-container{height:100%;width:100%}.e-con-inner>.elementor-widget-spacer>.elementor-widget-container>.elementor-spacer,.e-con>.elementor-widget-spacer>.elementor-widget-container>.elementor-spacer{height:100%}.e-con-inner>.elementor-widget-spacer>.elementor-widget-container>.elementor-spacer>.elementor-spacer-inner,.e-con>.elementor-widget-spacer>.elementor-widget-container>.elementor-spacer>.elementor-spacer-inner{height:var(--container-widget-height,var(--spacer-size))}.e-con-inner>.elementor-widget-spacer.elementor-widget-empty,.e-con>.elementor-widget-spacer.elementor-widget-empty{position:relative;min-height:22px;min-width:22px}.e-con-inner>.elementor-widget-spacer.elementor-widget-empty .elementor-widget-empty-icon,.e-con>.elementor-widget-spacer.elementor-widget-empty .elementor-widget-empty-icon{position:absolute;top:0;bottom:0;left:0;right:0;margin:auto;padding:0;width:22px;height:22px}<\/style>\n<h6>Results-Oriented Solutions<\/h6>\n<h4>Strategic insights<\/h4>\n<p>Proin gravida nibh vel velit auctor aliquet. Aenean sollicitudin, lorem quis bibendum auctor, nisi elit consequat ipsum, nec sagittis sem nibh id elit. Duis sed odio sit amet nibh vulputate cursus a sit amet mauris.<\/p>\n<h6>From Art to Science<\/h6>\n<h4>Personalized tactics<\/h4>\n<p>Proin gravida nibh vel velit auctor aliquet. Aenean sollicitudin, lorem quis bibendum auctor, nisi elit consequat ipsum, nec sagittis sem nibh id elit. Duis sed odio sit amet nibh vulputate cursus a sit amet mauris.<\/p>\n<h6>03<\/h6>\n<h5>Portfolio<\/h5>\n<h2>Case studies<\/h2>\n<p>\t\t\t<a href=\"#\"><br \/>\n\t\t\t\t\t<\/a><\/p>\n<h6>04<\/h6>\n<h5>About Us<\/h5>\n<h2>Who we are<\/h2>\n<p>\t\t\t<a href=\"#\"><br \/>\n\t\t\t\t\t<\/a><\/p>\n<h4>Excepteur sint occaecat cupidatat non proident, sunt in culpa qui officia deserunt mollit anim id est laborum.<\/h4>\n<h3>We are the decisive factor behind your success<\/h3>\n<p>Lorem ipsum dolor sit amet, consectetur adipisicing elit, sed do eiusmod tempor incididunt ut labore et dolore magna aliqua. Ut enim ad minim veniam, quis nostrud exercitation ullamco laboris nisi ut aliquip ex ea commodo consequat. Duis aute irure dolor in reprehenderit in voluptate velit esse cillum dolore eu fugiat nulla pariatur. Excepteur sint occaecat cupidatat non proident, sunt in culpa qui officia deserunt mollit anim id est laborum.<\/p>\n<p>Ut enim ad minim veniam, quis nostrud exercitation ullamco laboris nisi ut aliquip ex ea commodo consequat. Duis aute irure dolor in reprehenderit in voluptate velit esse cillum dolore eu fugiat nulla pariatur.<\/p>\n<h6>05<\/h6>\n<h5>Some of<\/h5>\n<h2>Our clients<\/h2>\n<p>\t\t\t<a href=\"#\"><br \/>\n\t\t\t\t\t<\/a><br \/>\n\t\t\t\t\t\t\t\t\t\t\t\t\t\t\t\t<a href=\"#\"><br \/>\n\t\t\t\t\t\t\t<img decoding=\"async\" width=\"320\" height=\"320\" src=\"https:\/\/im-pro.com.tr\/wp-content\/uploads\/2020\/11\/logo-004-free-img.png\" alt=\"Logo\" loading=\"lazy\" srcset=\"https:\/\/im-pro.com.tr\/wp-content\/uploads\/2020\/11\/logo-004-free-img.png 320w, https:\/\/im-pro.com.tr\/wp-content\/uploads\/2020\/11\/logo-004-free-img-300x300.png 300w, https:\/\/im-pro.com.tr\/wp-content\/uploads\/2020\/11\/logo-004-free-img-150x150.png 150w\" sizes=\"auto, (max-width: 320px) 100vw, 320px\" \/>\t\t\t\t\t\t\t\t<\/a><br \/>\n\t\t\t\t\t\t\t\t\t\t\t\t\t\t\t\t<a href=\"#\"><br \/>\n\t\t\t\t\t\t\t<img decoding=\"async\" width=\"319\" height=\"320\" src=\"https:\/\/im-pro.com.tr\/wp-content\/uploads\/2020\/11\/logo-002-free-img.png\" alt=\"Logo\" loading=\"lazy\" srcset=\"https:\/\/im-pro.com.tr\/wp-content\/uploads\/2020\/11\/logo-002-free-img.png 319w, https:\/\/im-pro.com.tr\/wp-content\/uploads\/2020\/11\/logo-002-free-img-300x300.png 300w, https:\/\/im-pro.com.tr\/wp-content\/uploads\/2020\/11\/logo-002-free-img-150x150.png 150w\" sizes=\"auto, (max-width: 319px) 100vw, 319px\" \/>\t\t\t\t\t\t\t\t<\/a><br \/>\n\t\t\t\t\t\t\t\t\t\t\t\t\t\t\t\t<a href=\"#\"><br \/>\n\t\t\t\t\t\t\t<img decoding=\"async\" width=\"320\" height=\"320\" src=\"https:\/\/im-pro.com.tr\/wp-content\/uploads\/2020\/11\/logo-003-free-img.png\" alt=\"Logo\" loading=\"lazy\" srcset=\"https:\/\/im-pro.com.tr\/wp-content\/uploads\/2020\/11\/logo-003-free-img.png 320w, https:\/\/im-pro.com.tr\/wp-content\/uploads\/2020\/11\/logo-003-free-img-300x300.png 300w, https:\/\/im-pro.com.tr\/wp-content\/uploads\/2020\/11\/logo-003-free-img-150x150.png 150w\" sizes=\"auto, (max-width: 320px) 100vw, 320px\" \/>\t\t\t\t\t\t\t\t<\/a><br \/>\n\t\t\t\t\t\t\t\t\t\t\t\t\t\t\t\t<a href=\"#\"><br \/>\n\t\t\t\t\t\t\t<img decoding=\"async\" width=\"320\" height=\"320\" src=\"https:\/\/im-pro.com.tr\/wp-content\/uploads\/2020\/11\/logo-006-free-img.png\" alt=\"Services Image\" loading=\"lazy\" srcset=\"https:\/\/im-pro.com.tr\/wp-content\/uploads\/2020\/11\/logo-006-free-img.png 320w, https:\/\/im-pro.com.tr\/wp-content\/uploads\/2020\/11\/logo-006-free-img-300x300.png 300w, https:\/\/im-pro.com.tr\/wp-content\/uploads\/2020\/11\/logo-006-free-img-150x150.png 150w\" sizes=\"auto, (max-width: 320px) 100vw, 320px\" \/>\t\t\t\t\t\t\t\t<\/a><br \/>\n\t\t\t\t\t\t\t\t\t\t\t\t\t\t\t\t<a href=\"#\"><br \/>\n\t\t\t\t\t\t\t<img decoding=\"async\" width=\"319\" height=\"320\" src=\"https:\/\/im-pro.com.tr\/wp-content\/uploads\/2020\/11\/logo-005-free-img.png\" alt=\"Logo\" loading=\"lazy\" srcset=\"https:\/\/im-pro.com.tr\/wp-content\/uploads\/2020\/11\/logo-005-free-img.png 319w, https:\/\/im-pro.com.tr\/wp-content\/uploads\/2020\/11\/logo-005-free-img-300x300.png 300w, https:\/\/im-pro.com.tr\/wp-content\/uploads\/2020\/11\/logo-005-free-img-150x150.png 150w\" sizes=\"auto, (max-width: 319px) 100vw, 319px\" \/>\t\t\t\t\t\t\t\t<\/a><br \/>\n\t\t\t\t\t\t\t\t\t\t\t\t\t\t\t\t<a href=\"#\"><br \/>\n\t\t\t\t\t\t\t<img decoding=\"async\" width=\"320\" height=\"320\" src=\"https:\/\/im-pro.com.tr\/wp-content\/uploads\/2020\/11\/logo-001-free-img.png\" alt=\"Logo\" loading=\"lazy\" srcset=\"https:\/\/im-pro.com.tr\/wp-content\/uploads\/2020\/11\/logo-001-free-img.png 320w, https:\/\/im-pro.com.tr\/wp-content\/uploads\/2020\/11\/logo-001-free-img-300x300.png 300w, https:\/\/im-pro.com.tr\/wp-content\/uploads\/2020\/11\/logo-001-free-img-150x150.png 150w\" sizes=\"auto, (max-width: 320px) 100vw, 320px\" \/>\t\t\t\t\t\t\t\t<\/a><\/p>\n","protected":false},"excerpt":{"rendered":"<p>Yarat\u0131c\u0131 \u00c7\u00f6z\u00fcmler Etiam pharetra, erat sed fermentum feugiat, velit mauris egestas JAMES OLIVER 01 Services DemandGeneration When your company needs to lorem. Minim ipsum dolor sit amet, consectetur adipisicing elit, sed do eiusmod tempor incididunt ut labore et dolore magna aliqua. Ut enim ad mlorem nim. BrandAcceleration When your company needs dolor. Lorem ipsum dolor [&hellip;]<\/p>\n","protected":false},"author":1,"featured_media":331,"parent":0,"menu_order":0,"comment_status":"closed","ping_status":"closed","template":"","meta":{"footnotes":""},"class_list":["post-205","page","type-page","status-publish","has-post-thumbnail","hentry"],"aioseo_notices":[],"_links":{"self":[{"href":"https:\/\/www.im-pro.com.tr\/index.php\/wp-json\/wp\/v2\/pages\/205","targetHints":{"allow":["GET"]}}],"collection":[{"href":"https:\/\/www.im-pro.com.tr\/index.php\/wp-json\/wp\/v2\/pages"}],"about":[{"href":"https:\/\/www.im-pro.com.tr\/index.php\/wp-json\/wp\/v2\/types\/page"}],"author":[{"embeddable":true,"href":"https:\/\/www.im-pro.com.tr\/index.php\/wp-json\/wp\/v2\/users\/1"}],"replies":[{"embeddable":true,"href":"https:\/\/www.im-pro.com.tr\/index.php\/wp-json\/wp\/v2\/comments?post=205"}],"version-history":[{"count":8,"href":"https:\/\/www.im-pro.com.tr\/index.php\/wp-json\/wp\/v2\/pages\/205\/revisions"}],"predecessor-version":[{"id":336,"href":"https:\/\/www.im-pro.com.tr\/index.php\/wp-json\/wp\/v2\/pages\/205\/revisions\/336"}],"wp:featuredmedia":[{"embeddable":true,"href":"https:\/\/www.im-pro.com.tr\/index.php\/wp-json\/wp\/v2\/media\/331"}],"wp:attachment":[{"href":"https:\/\/www.im-pro.com.tr\/index.php\/wp-json\/wp\/v2\/media?parent=205"}],"curies":[{"name":"wp","href":"https:\/\/api.w.org\/{rel}","templated":true}]}}